a multiple of 8?
True
Is 2429 a multiple of 73?
False
Is 1391 a multiple of 18?
False
Is 11 a factor of 715?
True
Is 231 a multiple of 9?
False
Is 6 a factor of 34806?
True
Is 42 a multiple of 7?
True
Is 8 a factor of 11416?
True
Is 1450 a multiple of 50?
True
Is 5730 a multiple of 15?
True
Is 3770 a multiple of 130?
True
Is 360 a multiple of 5?
True
Is 13 a factor of 8437?
True
Does 18 divide 18499?
False
Is 4 a factor of 559?
False
Does 15 divide 17718?
False
Does 21 divide 607?
False
Is 50904 a multiple of 21?
True
Is 23 a factor of 2346?
True
Does 9 divide 5312?
False
Is 1403 a multiple of 10?
False
Is 8918 a multiple of 49?
True
Is 762 a multiple of 3?
True
Is 50 a factor of 16244?
False
Does 15 divide 17295?
True
Is 42480 a multiple of 12?
True
Is 91 a factor of 2639?
True
Is 1736 a multiple of 25?
False
Is 7916 a multiple of 79?
False
Is 9 a factor of 5994?
True
Does 7 divide 7910?
True
Is 31 a factor of 177?
False
Is 53220 a multiple of 20?
True
Does 29 divide 9104?
False
Does 25 divide 5351?
False
Is 76 a factor of 1879?
False
Does 12 divide 57795?
False
Is 1363 a multiple of 29?
True
Does 20 divide 83?
False
Is 36 a factor of 11879?
False
Is 15 a factor of 23?
False
Is 2 a factor of 10?
True
Does 10 divide 3750?
True
Is 480 a multiple of 8?
True
Is 7861 a multiple of 31?
False
Is 4137 a multiple of 121?
False
Is 112472 a multiple of 79?
False
Is 34144 a multiple of 194?
True
Is 211 a multiple of 9?
False
Does 9 divide 44082?
True
Does 11 divide 1403?
False
Is 18576 a multiple of 16?
True
Is 63 a multiple of 21?
True
Does 85 divide 66130?
True
Is 1491 a multiple of 43?
False
Is 1116 a multiple of 8?
False
Is 5124 a multiple of 61?
True
Is 9 a factor of 28285?
False
Does 5 divide 260?
True
Is 3771 a multiple of 17?
False
Is 12 a factor of 35784?
True
Is 13324 a multiple of 27?
False
Does 88 divide 2000?
False
Is 39 a factor of 4909?
False
Is 37 a factor of 296?
True
Does 9 divide 2397?
False
Does 9 divide 200?
False
Is 3 a factor of 1294?
False
Is 7 a factor of 2634?
False
Is 16868 a multiple of 18?
False
Is 616 a multiple of 7?
True
Is 53 a factor of 1749?
True
Is 15 a multiple of 15?
True
Is 40 a factor of 1240?
True
Is 5 a factor of 790?
True
Is 2 a factor of 58?
True
Does 14 divide 2301?
False
Does 28 divide 448?
True
Is 7 a factor of 101?
False
Is 155 a factor of 16614?
False
Is 7 a factor of 385?
True
Is 374 a factor of 40578?
False
Does 14 divide 810?
False
Is 2 a factor of 10509?
False
Does 28 divide 54692?
False
Is 76 a factor of 2736?
True
Is 23528 a multiple of 34?
True
Does 64 divide 6662?
False
Is 2 a factor of 292?
True
Is 11076 a multiple of 39?
True
Does 57 divide 13423?
False
Does 11 divide 7933?
False
Does 79 divide 5925?
True
Is 14147 a multiple of 22?
False
Does 18 divide 8442?
True
Is 66 a factor of 33425?
False
Does 17 divide 26996?
True
Is 68 a factor of 6724?
False
Is 24696 a multiple of 22?
False
Is 146993 a multiple of 11?
True
Is 16 a factor of 1860?
False
Is 64270 a multiple of 9?
False
Is 1716 even?
True
Does 7 divide 252?
True
Does 11 divide 10413?
False
Does 19 divide 91476?
False
Is 19 a factor of 513?
True
Is 1805 a multiple of 39?
False
Does 11 divide 308?
True
Is 12 a factor of 19043?
False
Is 183 a factor of 61488?
True
Is 28 a factor of 1125?
False
Does 121 divide 9559?
True
Is 21 a factor of 3154?
False
Does 27 divide 30696?
False
Is 156 a multiple of 12?
True
Is 49285 a multiple of 13?
False
Does 91 divide 546?
True
Is 63 a factor of 17822?
False
Is 137 a multiple of 16?
False
Does 160 divide 3055?
False
Is 20 a factor of 1400?
True
Is 15902 a multiple of 130?
False
Is 20 a factor of 2300?
True
Is 4396 a multiple of 7?
True
Does 53 divide 13432?
False
Is 2 a factor of 2914?
True
Is 9 a factor of 711?
True
Does 34 divide 578?
True
Is 159375 a multiple of 25?
True
Is 20292 a multiple of 57?
True
Is 22 a factor of 242?
True
Is 1518 a multiple of 11?
True
Is 3255 a multiple of 21?
True
Is 44 a factor of 7612?
True
Is 4960 a multiple of 37?
False
Does 10 divide 59?
False
Is 234 a multiple of 26?
True
Is 3186 a multiple of 6?
True
Is 173 a factor of 6979?
False
Does 69 divide 3133?
False
Is 16896 a multiple of 66?
True
Does 45 divide 900?
True
Is 176 a multiple of 13?
False
Is 36 a factor of 684?
True
Is 537 a multiple of 8?
False
Is 10 a factor of 87340?
True
Does 9 divide 27629?
False
Is 17360 a multiple of 14?
True
Is 7 a factor of 1176?
True
Is 39 a factor of 49530?
True
Is 827 a multiple of 68?
False
Is 136 a factor of 4488?
True
Is 18 a factor of 8258?
False
Is 3 a factor of 2164?
False
Is 7342 a multiple of 40?
False
Does 57 divide 14421?
True
Does 24 divide 21672?
True
Does 8 divide 860?
False
Does 35 divide 805?
True
Is 43 a factor of 573?
False
Does 24 divide 3720?
True
Is 4046 a multiple of 41?
False
Is 15 a factor of 2379?
False
Is 6682 a multiple of 26?
True
Does 16 divide 4464?
True
Does 34 divide 1156?
True
Is 5220 a multiple of 90?
True
Does 61 divide 104565?
False
Is 79 a factor of 28784?
False
Does 15 divide 3330?
True
Is 45410 a multiple of 86?
False
Does 25 divide 14418?
False
Is 1692 a multiple of 14?
False
Is 3 a factor of 3782?
False
Is 12 a factor of 1248?
True
Does 66 divide 22685?
False
Is 96 a multiple of 3?
True
Is 73 a factor of 1095?
True
Does 20 divide 71?
False
Is 8 a factor of 673?
False
Is 123 a multiple of 5?
False
Is 261 a factor of 21924?
True
Is 26100 a multiple of 27?
False
Does 9 divide 4409?
False
Is 10 a factor of 470?
True
Does 3 divide 2591?
False
Does 80 divide 18480?
True
Does 24 divide 96?
True
Is 15 a factor of 1140?
True
Does 15 divide 4466?
False
Is 3 a factor of 120?
True
Is 36144 a multiple of 11?
False
Does 2 divide 2390?
True
Is 34 a factor of 36482?
True
Is 3092 a multiple of 22?
False
Is 2533 a multiple of 11?
False
Is 61 a multiple of 4?
False
Is 1824 a multiple of 32?
True
Is 54064 a multiple of 218?
True
Does 7 divide 421?
False
Does 19 divide 18354?
True
Is 289 a factor of 4624?
True
Is 24531 a multiple of 13?
True
Is 98 a factor of 64151?
False
Is 817 a multiple of 43?
True
Is 8 a factor of 6665?
False
Is 44 a factor of 352?
True
Is 9 a factor of 12168?
True
Is 44 a factor of 1087?
False
Is 2341 a multiple of 71?
False
Is 907 a multiple of 19?
False
Does 13 divide 3579?
False
Is 302 a factor of 10872?
True
Is 30 a factor of 129?
False
Does 3 divide 317?
False
Is 2772 a multiple of 18?
True
Is 540 a multiple of 20?
True
Does 10 divide 3620?
True
Is 10 a factor of 2283?
False
Is 105 a multiple of 35?
True
Is 12 a factor of 310?
False
Is 16 a factor of 317?
False
Does 7 divide 31360?
True
Does 10 divide 45?
False
Is 23 a factor of 5857?
False
Does 51 divide 1581?
True
Is 77 a factor of 17325?
True
Does 16 divide 321?
False
Is 9352 a multiple of 28?
True
Is 10 a factor of 1711?
False
Does 39 divide 312?
True
Is 203 a multiple of 5?
False
Does 93 divide 26784?
True
Is 115 a factor of 6440?
True
Is 171 a factor of 11360?
False
Is 2365 a multiple of 85?
False
Is 15 a factor of 137?
False
Does 24 divide 2016?
True
Does 10 divide 50?
True
Is 64386 a multiple of 14?
True
Is 90 a multiple of 10?
True
Is 51 a factor of 1377?
True
Is 131 a multiple of 5?
False
Is 158 a factor of 2596?
False
Is 44 a factor of 966?
False
Does 158 divide 1069?
False
Is 103 a factor of 1339?
True
Does 11 divide 2544?
False
Is 103 a factor of 21272?
False
Is 17 a factor of 3773?
False
Is 14 a factor of 1302?
True
Is 155 a multiple of 13?
False
Does 57 divide 977?
False
Is 2486 a multiple of 11?
True
Does 6 divide 4638?
True
Does 9 divide 34238?
False
Is 6 a factor of 6517?
False
Is 2036 a multiple of 9?
False
Is 75 a factor of 1407?
False
Does 24 divide 2376?
True
Does 13 divide 1638?
True
Is 295 a factor of 5138?
False
Is 12105 a multiple of 9?
True
Is 13 a factor of 3432?
True
Does 11 divide 253?
True
Does 11 divide 33?
True
Does 8 divide 2688?
True
Is 4034 a multiple of 53?
False
Is 23 a factor of 109?
False
Is 82 a multiple of 9?
False
Does 69 divide 828?
True
Does 54 divide 2317?
False
Is 36003 a multiple of 32?
False
Is 1136 a multiple of 36?
False
Does 158 divide 7191?
False
Is 53 a factor of 45686?
True
Does 27 divide 432?
True
Does 6 divide 2382?
True
Does 34 divide 2838?
False
Is 30 a factor of 18279?
False
Is 6 a factor of 168?
True
Does 83 divide 470?
False
Is 